-13*r**2 + 23*r - 33. Let w(n) = 11*g(n) - 6*k(n). Suppose -27*y = -29*y + 10. Give w(y).
6
Let a(b) = -3*b**2 - 16*b - 186. Let q(z) = 10*z**2 + 47*z + 596. Let t(s) = 13*a(s) + 4*q(s). Give t(22).
10
Let q(r) be the second derivative of -r**7/2520 + 13*r**6/720 + 21*r**4/4 - 2*r + 18. Let i(k) be the third derivative of q(k). Determine i(13).
0
Let n(v) be the third derivative of v**4/24 + 47*v**3/6 + v**2 + 1782*v. Determine n(-41).
6
Let x = 134 + -129. Let q be 2*x/(-85) - (-83)/(-17). Let g(b) = 2*b + 11. Determine g(q).
1
Let p(s) = -10*s**2 - 10*s - 1. Suppose -2154*t = -2254*t - 200. What is p(t)?
-21
Let z(j) be the first derivative of -1/2*j**2 - 8*j + 44. Give z(-6).
-2
Let k(z) = z - 5. Suppose -3*d = -4*c - 38, 2*c - c = -2*d + 7. Suppose -d*r + 8*r = 14. Give k(r).
2
Suppose -5*r = 214*z - 213*z + 61, 4*z - 3 = -r. Let j(d) = d**3 + 12*d**2 - 10*d + 41. Determine j(r).
2
Let d(a) = a**3 - 2*a**2 - a + 9. Let j be d(-2). Let c(s) = 2*s**2 + 5*s + 6. Give c(j).
31
Let h(v) = -3*v + 7. Suppose 0 = 7*l - 8*l + 14. Let d(s) = 8*s - 20. Let m(y) = l*h(y) + 5*d(y). Suppose 0 = p - 6*p + g - 17, 0 = 4*g - 8. Determine m(p).
4
Let g(b) = b**3 + 5*b**2 - 5*b + 6. Let j be g(-6). Let r(t) = 2*t**3 - 10*t**2 + t + 16. Let p be r(7). Let x(d) = 111 + 105 + d - p. Calculate x(j).
-3
Let h(t) = -t**3 + 9*t**2 + 11*t + 3. Let i = -50 + 60. Let d be h(i). Let y(m) = d*m + 0 - 6*m**2 - 4 - 19*m - m**3. Determine y(-4).
-12
Let b(r) be the first derivative of -r**2/2 + 3*r + 79818. Let i = 11 - 6. Give b(i).
-2
Let h(i) = 9*i + 34. Let j be (1422/316)/(3/(-2)). Calculate h(j).
7
Let h(i) be the first derivative of 11*i**2/2 + 25*i - 65. Let k(t) = -8*t - 17. Let z(v) = -5*h(v) - 7*k(v). Calculate z(8).
2
Let n(q) be the third derivative of 2/3*q**4 + 0 + 1/120*q**6 + 1/30*q**5 + 0*q**3 - 38*q**2 + 0*q. Let w(a) be the second derivative of n(a). Calculate w(-4).
-20
Let p be (-115)/(-10) + (-25)/10. Let z(w) = -5*w**2 - p*w - 5*w**2 + w**3 - 4*w + 17*w**2 - 2*w**2 + 8. Calculate z(-7).
1
Let v(a) = a**3 + a**2 + a + 1. Let s(q) = 5*q**3 - 3*q**2 - 3*q - 5. Let p(c) = s(c) + 4*v(c). Let h = -34 + 32. Let f be (-12)/24*((-2)/h + -3). Give p(f).
10
Let p(m) = m**3 + 5*m**2 + m - m - m + 4 + 0*m + 4*m. Let r(b) = -35*b + 312. Let v be r(9). Give p(v).
13
Let q(r) = -202*r. Let x(n) = 555*n + 2. Let i(d) = 8*q(d) + 3*x(d). What is i(-1)?
-43
Let z(y) = 2*y + 1. Let g be 2*(-1)/6 + 40/(-60). Let w be 0 + ((-14)/7 - g). Determine z(w).
-1
Let q(t) = t - 1. Suppose 24 = 12*y - 12. Suppose 2*l - 29 = 2*d + y*d, -27 = -l + 5*d. Suppose l*s - s = -9. What is q(s)?
-10
Let b(r) = r**3 + 46*r**2 - 86*r + 478. Let a be b(-48). Let t(u) = 2*u + 8. What is t(a)?
4
Let s(u) = 167*u - 236. Let t(w) = -118*w + 157. Let j(d) = 5*s(d) + 7*t(d). What is j(8)?
-9
Let t be (0 - 8/10)*(3 + (-11)/22). Let o(k) = 2*k + 3. What is o(t)?
-1
Let y(k) be the first derivative of k**2 + 39 + 18493*k + 5 - 18509*k. Suppose -2*a = v - 20, -1 = 5*v + 9. What is y(a)?
6
Let b(w) = 17*w + 224. Let p(v) = -5*v**2 + 12*v + 30. Let i be p(-2). Calculate b(i).
-14
Let i(p) = p + 35 - 70 + 37. Let t(y) = 10*y**2 + 4*y + 10. Let o(z) = -5*i(z) + t(z). What is o(-1)?
11
Suppose -c = 5*l + 56, 2*l - 134*c + 24 = -136*c. Let r(q) = q**3 + 15*q**2 + 43*q - 5. Calculate r(l).
6
Suppose -5*d - 3*c - 6 = -15, 1 = -d - 2*c. Let m(p) = -p**2 - 6*p + 5. Let h(k) = k**2 + 1. Let i(v) = 2*h(v) + m(v). Determine i(d).
-2
Let q(h) = -4*h - 68. Let m be q(-16). Let s(j) be the second derivative of j**5/20 + j**4/3 - 2*j**3/3 - 2*j**2 + 2*j. What is s(m)?
12
Let o(h) = -h**2 + 16*h - 65. Let i = 2417 + -2409. What is o(i)?
-1
Let q be (-4)/(-14) - (-5548)/133. Let m(f) = q*f + f**2 + 1 - 38*f + 4. Let s(n) = -n**2 - 13*n + 7. Let u be s(-14). Determine m(u).
26
Let g(u) = u**2 - 8. Let p = 21216 + -21213. Give g(p).
1
Let h(p) be the first derivative of -1/2*p**4 + 0*p - 55 - 1/3*p**3 + 0*p**2. Calculate h(-1).
1
Let j(r) be the second derivative of -r**5/5 + r**3/6 + r**2/2 + r. Suppose -3*w + 6*w + 1 = 2*w. Give j(w).
4
Let f be (3 + (2015/(-20))/1)*4. Let r = f + 401. Let y(v) = -3*v - 13. Determine y(r).
-43
Let i(f) = -f**3 - 10*f**2 - 8*f - 18. Suppose -5*o + 4*v = 46, 3*o + 4*v - 33 = -67. Give i(o).
62
Let a(f) = -19 + 0*f**2 + f**2 + 32 - 3 + f + 2*f**2. Give a(-3).
34
Suppose 48 = 5*x + 18. Let n(h) be the second derivative of -h**4/24 - h**3/6 - 50*h**2 + 89*h. Let r(f) be the first derivative of n(f). Give r(x).
-7
Let s(d) = d**3 + 8*d**2 + 9*d + 12. Let q(x) = x**3 + 4*x**2 - x - 15. Let n be q(-2). Calculate s(n).
42
Let u(f) be the first derivative of -f**4/4 - 2*f**3/3 + f**2/2 - 4*f - 7. Let o = 1400 - 1403. Calculate u(o).
2
Let d(i) = i**3 - 3*i**2 - i - 4. Suppose -15*s + 13*s + 186 = 0. Let a = s + -90. What is d(a)?
-7
Let p = -318 + 322. Let k(h) = -1 - 30*h + 31*h + 2*h. What is k(p)?
11
Let k(g) be the third derivative of g**6/120 - g**5/12 + g**4/24 - 53*g**3/6 - 8332*g**2. Calculate k(6).
-11
Let g(r) = -r**3 - 8*r**2 - 7*r + 2. Suppose -2 = k, 3*z + 5*k + 6 = z. Suppose -z*x + 4*q = -6, 0 = -x + 4*q - 6 + 19. Give g(x).
2
Let o(h) = 578*h - 2 + 581*h - h**2 + 23 - 1141*h. What is o(11)?
98
Let b(i) be the third derivative of -i**5/60 + i**4/8 + 61*i**3/6 + 2*i**2 - 71*i. What is b(9)?
7
Let p(u) be the second derivative of u**4/12 + u**3/3 - u**2/2 + 36*u. Let l = 145 + -140. Suppose 0 = -l*m + 69 - 79. Calculate p(m).
-1
Suppose 0 = -m - 4*g - 15, 5*g - 16 - 12 = 3*m. Let p(j) = -2*j + 6. Determine p(m).
28
Suppose 9*o + 7*o = 129*o - 226. Let b(m) = -3*m - 3 + 1 + 6. Give b(o).
-2
Let l(b) = -2*b**3 - 30*b**2 - 26*b + 21. Let p be 3942/(-198) + 3/(-33) + 6. Give l(p).
-7
Let n(f) = -4*f - 2. Suppose -83 = 3*a - 2*v - 3*v, 0 = a - 3*v + 25. Let u(d) = -2*d**2 - 62*d + 2. Let z be u(a). Determine n(z).
-10
Let b(n) be the third derivative of 7*n**4/24 + n**3/6 + 2*n**2 - 61. Suppose j - 2 = -0. Suppose 3*x + 5*r = j*x + 14, -3*r + 8 = x. What is b(x)?
-6
Let a(m) = 19*m + 5. Let n(r) = 82*r + 17. Let h(l) = 13*a(l) - 3*n(l). Determine h(-6).
8
Let h(v) = -v**2 - 6*v. Let a(t) = 59*t - 4. Let l be a(6). Suppose -4*u - u = -l. Suppose 28 - u = 6*q. Determine h(q).
-7
Let a be -1 - (-28)/36 - (-21)/(-27). Let c(r) = 11*r**3 + 10*r + 5. Let q(j) = 22*j**3 + 18*j + 9. Let s(p) = -11*c(p) + 6*q(p). Give s(a).
-10
Let p = -133 - -126. Suppose b - 3*b - 18 = -4*a, -6 = 2*b. Let u(y) = -y + y**a - 2 - 5 - 1 - 2 + 7*y**2. Determine u(p).
-3
Let b(x) be the first derivative of 2*x**3/3 + 15*x**2/2 - 13*x + 3934. Determine b(-7).
-20
Let r(l) = -4*l - 3. Let k be r(3). Let t = 21 + k. Let g(f) = -f**3 - 2*f**2 + 0*f**2 - f - 7 + t - f. What is g(-2)?
3
Let n(u) = -14 + 32 - 18 + 7*u. Let c(m) = -m**2 - m. Let v(b) = -5*c(b) - n(b). Determine v(-2).
24
Let v(d) = -3*d**2 + 3*d + 2. Let w = -1137 - -1140. Give v(w).
-16
Let p be 2460/(-24)*(-12 + 6). Let o = p - 618. Let w(g) = -2*g**3 - 5*g**2 - 4*g - 1. Determine w(o).
20
Let i(s) = 12 + 26*s + 22*s + 15*s - 60*s. Let z(d) = -d - 6. Let b(a) = 4*i(a) + 10*z(a). What is b(6)?
0
Let d(p) be the first derivative of 0*p**3 + 32 + 25*p - 5/12*p**4 + 0*p**2. Let b(l) be the first derivative of d(l). Calculate b(2).
-20
Let y(d) be the first derivative of 31*d**4/4 - 2*d**3/3 + 5*d**2/2 - 4*d - 2089. Determine y(1).
30
Suppose -3*i - 2*d + 78 = 0, -2*i = 4*d - 9*d - 52. Let b = i + -30. Let x(m) be the first derivative of -m**3/3 - 3*m**2/2 - m - 10. Determine x(b).
-5
Let z(h) be the second derivative of -h**5/20 + 5*h**4/12 - 3*h**2 + h. Suppose -2 = m, 1246*x - 4*m + 10 = 1249*x. Give z(x).
-42
Let u(p) = p**3 + 11*p**2 + 2*p + 14. Suppose 0 = -5*q + 4*i + 1270, -4*i - 492 = -3*q + 270. Suppose -262*a - 88 = -q*a. Calculate u(a).
-8
Let v(a) be the third derivative of a**5/60 + 11*a**4/24 - 23*a**3/6 - 2510*a**2. What is v(-13)?
3
Let o(b) be the second derivative of -b**7/2520 - b**6/48 - b**5/10 + b**4/12 + 19*b**2/2 - 72*b. Let u(k) be the third derivative of o(k). What is u(-14)?
2
Suppose -4*r = -4*p + 24, 0 = -3*p - r + 37 - 31. Let o(j) be the first derivative of j**3/3 + j**2 - j - 13. Calculate o(p).
14
Let u(x) be the third derivative of x**7/5040 - x**6/90 + 9*x**5/20 - 2*x**2 - 10*x. Let h(v) be the third derivative of u(v). Gi